{"id":14,"date":"2015-05-08T12:19:28","date_gmt":"2015-05-08T10:19:28","guid":{"rendered":"http:\/\/www.janovsky-trhak.cz\/?page_id=14"},"modified":"2022-05-02T11:49:44","modified_gmt":"2022-05-02T09:49:44","slug":"propozice","status":"publish","type":"page","link":"https:\/\/www.janovsky-trhak.cz\/?page_id=14","title":{"rendered":"Propozice"},"content":{"rendered":"<p><strong>JANOVSK\u00dd TRH\u00c1K 2022<br \/>\n<\/strong>Cyklistick\u00fd z\u00e1vod pro \u0161irokou sportuj\u00edc\u00ed ve\u0159ejnost, amat\u00e9ry a hobby z\u00e1vodn\u00edky. Silni\u010dn\u00ed \u010dasovka jednotlivc\u016f do vrchu v srdci \u010cesk\u00e9ho \u0160v\u00fdcarska, z H\u0159enska do Janova.<br \/>\nD\u00e9lka: 2830 m<br \/>\nP\u0159ev\u00fd\u0161en\u00ed: 207 m<\/p>\n<p class=\"propozice\"><strong><span style=\"color: #ff0000;\">Datum a \u010das kon\u00e1n\u00ed: 7.5.2022<\/span><\/strong><br \/>\n<strong>Region:<\/strong> \u00dasteck\u00fd kraj<br \/>\n<strong>M\u00edsto kon\u00e1n\u00ed:<\/strong> Janov u H\u0159enska<br \/>\n<strong>Discipl\u00edna:<\/strong> Silni\u010dn\u00ed \u010dasovka jednotlivc\u016f do vrchu<br \/>\n<strong>Po\u0159adatel:<\/strong> Obec Janov, Janov 235, 405 02<br \/>\n<strong>Web:<\/strong> <a href=\"http:\/\/janovsky-trhak.cz\" target=\"_blank\">janovsky-trhak.cz<\/a>, <a href=\"http:\/\/janovuhrenska.cz\" target=\"_blank\">janovuhrenska.cz<\/a><br \/>\n<strong>Kontakty: \u00a0<\/strong><a href=\"mailto:starosta@janovuhrenska.cz\" target=\"_blank\">starosta@janovuhrenska.cz<\/a><br \/>\n<strong>\u0158editel\u00e9 z\u00e1vodu:<\/strong> Ladislava Kotkov\u00e1 (tel.: 778433856), Ji\u0159\u00ed H\u00e1jek (tel.: 737222697)<\/p>\n<p class=\"propozice\"><strong>P\u0159ihl\u00e1\u0161ky:<br \/>\n<\/strong>Formul\u00e1\u0159em zde na webu.<!-- nebo zasl\u00e1n\u00edm emailu na janovskytrhak@volny.cz.--><br \/>\n<strong>Term\u00edn p\u0159ihl\u00e1\u0161ek p\u0159es internet jen do 7.5.2022 do 09:00 hod<\/strong><br \/>\nP\u0159ihl\u00e1\u0161ky na m\u00edst\u011b v den z\u00e1vodu p\u0159ij\u00edm\u00e1me od 08:00 do 09:30 hod na ozna\u010den\u00e9m m\u00edst\u011b.<br \/>\n<strong>P\u0159ihl\u00e1\u0161ky na m\u00edst\u011b budou mo\u017en\u00e9 pouze pro omezen\u00fd po\u010det z\u00e1vodn\u00edk\u016f podle kapacity p\u0159edem p\u0159ihl\u00e1\u0161en\u00fdch. P\u0159ihlaste se, pros\u00edme v\u010das p\u0159es internet a uhra\u010fte startovn\u00e9 bezhotovostn\u011b. U\u0161et\u0159\u00edte n\u00e1m i sob\u011b \u010das i pen\u00edze. D\u011bkujeme.<\/strong><br \/>\n<span style=\"color: #ff0000;\">registrace,,po telefonu\u201c nen\u00ed mo\u017en\u00e1<\/span><\/p>\n<p class=\"propozice\"><strong>Startovn\u00e9 a ceny:<\/strong><br \/>\n<strong>250,- K\u010d<\/strong> p\u0159i p\u0159ihl\u00e1\u0161en\u00ed v term\u00ednu do 30.4.2022 (p\u0159i p\u0159ihl\u00e1\u0161en\u00ed p\u0159es internet je nutn\u00e9 prov\u00e9st platbu do 7.5.2022 do 9:00 hod, jinak nebude mo\u017en\u00e9 za\u0159azen\u00ed do startovn\u00ed listiny v po\u0159ad\u00ed, v jak\u00e9m bylo u\u010din\u011bno p\u0159ihl\u00e1\u0161en\u00ed). Z\u00e1vodn\u00edci p\u0159ihl\u00e1\u0161en\u00ed p\u0159edem p\u0159es web z\u00e1vodu do term\u00ednu 30.4.2022 obdr\u017e\u00ed startovn\u00ed \u010d\u00edslo v\u010detn\u011b sv\u00e9ho jm\u00e9na.<br \/>\n<strong>Od 01.05.2022 startovn\u00e9 ve v\u00fd\u0161i 300,- K\u010d, startovn\u00e9 v den z\u00e1vodu 400,- K\u010d<br \/>\nHandicap startovn\u00e9 zdarma.<br \/>\nD\u011btsk\u00e9 kategorie p\u0159i p\u0159ihl\u00e1\u0161en\u00ed p\u0159edem p\u0159es registra\u010dn\u00ed web zdarma a rovn\u011b\u017e obdr\u017e\u00ed startovn\u00ed \u010d\u00edslo v\u010detn\u011b sv\u00e9ho jm\u00e9na. Startovn\u00e9 v den z\u00e1vodu 100,- K\u010d.<br \/>\n<\/strong>D\u011bt\u0161t\u00ed z\u00e1vodn\u00edci obdr\u017e\u00ed pouk\u00e1zku na ob\u010derstven\u00ed v hodnot\u011b 50,-K\u010d. \u00da\u010dastn\u00edci hlavn\u00edho z\u00e1vodu obdr\u017e\u00ed pouk\u00e1zku na ob\u010derstven\u00ed v hodnot\u011b 100,-K\u010d.<strong><br \/>\n<\/strong><\/p>\n<p class=\"propozice\"><span style=\"color: #ff0000;\">D\u011bti budou za\u0159azov\u00e1ny do d\u011btsk\u00fdch kategori\u00ed dle roku narozen\u00ed s p\u0159epo\u010dtem k roku kon\u00e1n\u00ed z\u00e1vodu, ne dle sv\u00fdch cyklistick\u00fdch schopnost\u00ed a dovednost\u00ed, nebude zohled\u0148ov\u00e1n m\u011bs\u00edc narozen\u00ed, pouze rok.<br \/>\nPokud bude z\u00e1vodn\u00edk, z\u00e1vodnice d\u011btsk\u00e9 kategorie absolvovat hlavn\u00ed z\u00e1vod, je nutn\u00fd souhlas rodi\u010de a d\u00edt\u011b bude automaticky za\u0159azeno do kategorie star\u0161\u00ed chlapci + kadeti (star\u0161\u00ed d\u00edvky + kadetky).<br \/>\nRodi\u010de, p\u0159ihl\u00e1\u0161en\u00edm sv\u00fdch d\u011bt\u00ed k z\u00e1vodu souhlas\u00edte s podm\u00ednkami a kategoriemi z\u00e1vodu, <span style=\"text-decoration: underline;\">\u017e\u00e1d\u00e1me, dodr\u017eujte far play v uveden\u00ed roku narozen\u00ed sv\u00e9ho d\u00edt\u011bte.<\/span><\/span><\/p>\n<p class=\"propozice\"><span style=\"color: #ff0000;\"><strong>Startujeme po jednom, interval po 30 vte\u0159in\u00e1ch.<\/strong><\/span><br \/>\nKa\u017ed\u00fd z\u00e1vodn\u00edk obdr\u017e\u00ed startovn\u00ed \u010d\u00edslo s \u010dipem na sv\u016fj z\u00e1vod. Startovn\u00ed \u010das je p\u0159esn\u011b ur\u010den dle startovn\u00edho \u010d\u00edsla. Startovn\u00ed \u010d\u00edsla se p\u0159i\u0159azuj\u00ed dle data a \u010dasu p\u0159ihl\u00e1\u0161ky vzestupn\u011b (kdo se d\u0159\u00edv p\u0159ihl\u00e1s\u00ed, d\u0159\u00edve startuje). Nov\u011b se z\u00e1vod startuje po jednom z\u00e1vodn\u00edkovi ka\u017ed\u00fdch 30 sekund dle \u010dasom\u00edry na startu.<br \/>\nst. \u010d. | \u010das<br \/>\n1 | 10:00:00<br \/>\n2 | 10:00:30<br \/>\n3 | 10:01:00<br \/>\natd.<br \/>\nZ\u00e1vodn\u00edk je povinen p\u0159ipevnit si startovn\u00ed \u010d\u00edslo s \u010dipem na bowdeny p\u0159edn\u00edch \u0159\u00edd\u00edtek tak, aby \u010d\u00edslo bylo \u010diteln\u00e9 pro rozhod\u010d\u00ed. \u010cip se nesm\u00ed dot\u00fdkat \u017e\u00e1dn\u00e9 kovov\u00e9\/karbonov\u00e9 \u010d\u00e1sti kola.<br \/>\nZ\u00e1vodn\u00edk, kter\u00fd nestihne sv\u016fj \u010das startu m\u00e1 mo\u017enost startovat na konci z\u00e1vodn\u00edho pole. Je p\u0159\u00edsn\u011b zak\u00e1z\u00e1no startovat bez pokynu start\u00e9ra a mimo po\u0159ad. Z\u00e1vodn\u00edk je povinen b\u00fdt na m\u00edst\u011b startu alespo\u0148 10 minut p\u0159ed ur\u010den\u00fdm \u010dasem startu.<br \/>\nPo dokon\u010den\u00ed z\u00e1vodu obdr\u017e\u00ed z\u00e1vodn\u00edk SMS s dosa\u017een\u00fdm \u010dasem. V\u011bcn\u00e9 ceny jsou pro prvn\u00ed t\u0159i v ka\u017ed\u00e9 kategorii.<\/p>\n<p class=\"propozice\"><strong>Mo\u017en\u00e9 zp\u016fsoby platby:<\/strong><br \/>\n&#8211;\u00a0bankovn\u00edm p\u0159evodem \u00fa\u010det \u010d.: 15927431\/0100 variabiln\u00ed symbol se vygeneruje po odesl\u00e1n\u00ed p\u0159ihl\u00e1\u0161ky.<br \/>\n&#8211; osobn\u011b v den z\u00e1vodu p\u0159i prezentaci (pouze p\u0159i p\u0159ihl\u00e1\u0161en\u00ed v den z\u00e1vodu)<\/p>\n<div class=\"propozice\">\n<p><strong>Kategorie:<\/strong><\/p>\n<table class=\"propozice\">\n<tbody>\n<tr class=\"propozice\">\n<td class=\"propozice\" style=\"text-align: center;\" colspan=\"2\"><span style=\"color: #3366ff;\"><strong>Mu\u017ei<\/strong><\/span><\/td>\n<td class=\"propozice\" style=\"text-align: center;\" colspan=\"2\"><span style=\"color: #800080;\"><strong>\u017deny<\/strong><\/span><\/td>\n<\/tr>\n<tr class=\"propozice\">\n<td class=\"propozice\">Star\u0161\u00ed chlapci + Kadeti<br \/>\n<span style=\"color: #339966;\">ro\u010dn\u00edk narozen\u00ed 2009-2006<\/span><\/td>\n<td class=\"propozice\">13-16<\/td>\n<td>Star\u0161\u00ed d\u00edvky + Kadetky<br \/>\n<span style=\"color: #339966;\">ro\u010dn\u00edk narozen\u00ed 2009-2006<\/span><\/td>\n<td class=\"propozice\">13-16<\/td>\n<\/tr>\n<tr class=\"propozice\">\n<td class=\"propozice\">Junio\u0159i + Mu\u017ei<br \/>\n<span style=\"color: #339966;\">ro\u010dn\u00edk narozen\u00ed 2005-1993<\/span><\/td>\n<td class=\"propozice\">17-29<\/td>\n<td class=\"propozice\">Juniorky<br \/>\n<span style=\"color: #339966;\">ro\u010dn\u00edk narozen\u00ed 2005-1987<\/span><\/td>\n<td class=\"propozice\">17-35<\/td>\n<\/tr>\n<tr class=\"propozice\">\n<td class=\"propozice\">Veter\u00e1ni I.<br \/>\n<span style=\"color: #339966;\">ro\u010dn\u00edk narozen\u00ed 1992-1983<\/span><\/td>\n<td class=\"propozice\">30-39<\/td>\n<td class=\"propozice\">\u017deny<br \/>\n<span style=\"color: #339966;\">ro\u010dn\u00edk narozen\u00ed 1986-1973<\/span><\/td>\n<td class=\"propozice\">36-49<\/td>\n<\/tr>\n<tr class=\"propozice\">\n<td class=\"propozice\">Veter\u00e1ni II.<br \/>\n<span style=\"color: #339966;\">ro\u010dn\u00edk narozen\u00ed 1982-1973<\/span><\/td>\n<td class=\"propozice\">40-49<\/td>\n<td class=\"propozice\">\u017deny II.<br \/>\n<span style=\"color: #339966;\">ro\u010dn\u00edk narozen\u00ed 1972-1923<\/span><\/td>\n<td class=\"propozice\">50-99<\/td>\n<\/tr>\n<tr class=\"propozice\">\n<td class=\"propozice\">Veter\u00e1ni III.<br \/>\n<span style=\"color: #339966;\">ro\u010dn\u00edk narozen\u00ed 1972-1963<\/span><\/td>\n<td class=\"propozice\">50-59<\/td>\n<\/tr>\n<tr class=\"propozice\">\n<td class=\"propozice\">Mu\u017ei 60+<br \/>\n<span style=\"color: #339966;\">ro\u010dn\u00edk narozen\u00ed 1962-1923<\/span><\/td>\n<td class=\"propozice\">60-99<\/td>\n<\/tr>\n<\/tbody>\n<\/table>\n<div align=\"center\">\n<table class=\"propozice\" style=\"width: 60%;\">\n<tbody>\n<tr class=\"propozice\">\n<td class=\"propozice\"><strong>Tandem<\/strong><\/td>\n<td class=\"propozice\">bez omezen\u00ed<\/td>\n<\/tr>\n<tr class=\"propozice\">\n<td class=\"propozice\"><strong>Handicap<\/strong><\/td>\n<td class=\"propozice\">bez omezen\u00ed<\/td>\n<\/tr>\n<\/tbody>\n<\/table>\n<table class=\"propozice\" style=\"width: 60%;\">\n<tbody>\n<tr class=\"propozice\">\n<td class=\"propozice\" style=\"text-align: center;\" colspan=\"3\"><span style=\"color: #ff0000;\"><strong>D\u011bti<\/strong><\/span><\/td>\n<\/tr>\n<tr class=\"propozice\">\n<td class=\"propozice\">Mr\u0148ouskov\u00e9<br \/>\n<span style=\"color: #339966;\">ro\u010dn\u00edk narozen\u00ed\u00a0do 2019<\/span><\/td>\n<td class=\"propozice\">do 3let<\/td>\n<td class=\"propozice\">trasa 70 m \u2013 c\u00edl a tra\u0165 stejn\u00e9 jako hlavn\u00ed z\u00e1vod<\/td>\n<\/tr>\n<tr class=\"propozice\">\n<td class=\"propozice\">Nad\u011bje I.<br \/>\n<span style=\"color: #339966;\">ro\u010dn\u00edk narozen\u00ed 2018-2016<\/span><\/td>\n<td class=\"propozice\">4-6<\/td>\n<td class=\"propozice\">trasa 150 m \u2013 c\u00edl a tra\u0165 stejn\u00e9 jako hlavn\u00ed z\u00e1vod<\/td>\n<\/tr>\n<tr class=\"propozice\">\n<td class=\"propozice\">Nad\u011bje II.<br \/>\n<span style=\"color: #339966;\">ro\u010dn\u00edk narozen\u00ed 2015-2013<\/span><\/td>\n<td class=\"propozice\">7-9<\/td>\n<td class=\"propozice\">trasa 300 m \u2013 c\u00edl a tra\u0165 stejn\u00e9 jako hlavn\u00ed z\u00e1vod<\/td>\n<\/tr>\n<tr class=\"propozice\">\n<td class=\"propozice\">Mlad\u0161\u00ed chlapci<br \/>\n<span style=\"color: #339966;\">ro\u010dn\u00edk narozen\u00ed 2012-2010<\/span><\/td>\n<td class=\"propozice\">10-12<\/td>\n<td class=\"propozice\">trasa 450 m \u2013 c\u00edl a tra\u0165 stejn\u00e9 jako hlavn\u00ed z\u00e1vod<\/td>\n<\/tr>\n<tr class=\"propozice\">\n<td class=\"propozice\">Mlad\u0161\u00ed d\u00edvky<br \/>\n<span style=\"color: #339966;\">ro\u010dn\u00edk narozen\u00ed 2012-2010<\/span><\/td>\n<td class=\"propozice\">10-12<\/td>\n<td class=\"propozice\">trasa 450 m \u2013 c\u00edl a tra\u0165 stejn\u00e9 jako hlavn\u00ed z\u00e1vod<\/td>\n<\/tr>\n<\/tbody>\n<\/table>\n<\/div>\n<\/div>\n<p>&nbsp;<\/p>\n<div class=\"propozice\">\n<h1 style=\"font-size: 14px;\"><\/h1>\n<h1 style=\"font-size: 14px;\"><span style=\"color: #ff0000;\"><span style=\"text-decoration: underline;\">Start hlavn\u00edho z\u00e1vodu v 10. 00 hod<\/span><br \/>\nD\u011btsk\u00e9 z\u00e1vody &#8211; start v cca 12.00 hod<br \/>\n<span style=\"color: #000000;\">&#8211; po ukon\u010den\u00ed dojezdu dosp\u011bl\u00e9 kategori\u00ed.<\/span><\/span><\/h1>\n<\/div>\n<p>&nbsp;<\/p>\n<p class=\"propozice\"><span style=\"color: #ff0000;\"><strong>D\u016fle\u017eit\u00e9 pokyny:<br \/>\n<\/strong><\/span>Parkov\u00e1n\u00ed vozidel: Parkov\u00e1n\u00ed je zaji\u0161t\u011bno na odstavn\u00fdch ploch\u00e1ch v Janov\u011b. Pros\u00edm \u0159i\u010fte se pokyny po\u0159adatel\u016f, p\u0159edem bude na webu z\u00e1vodu p\u0159esn\u011b uvedeno. Pozor silnice H\u0159ensko \u2013 Janov bude 7.05.2022.od 9.30 hod. do konce z\u00e1vodu pro motorov\u00e1 vozidla uzav\u0159en\u00e1. Po trati se v\u0161ak mohou pohybovat vozidla po\u0159adatel\u016f, l\u00e9ka\u0159sk\u00e9 slu\u017eby a hasi\u010d\u016f, proto je nutn\u00e9 jet p\u0159i prav\u00e9m okraji vozovky a dodr\u017eovat bezpe\u010dnost.<br \/>\nPo dobu z\u00e1vodu p\u0159\u00edjezd do Janova pouze p\u0159es Arnoltice a R\u016f\u017eovou!<\/p>\n<p class=\"propozice\"><span style=\"color: #ff0000;\"><strong>Prezentace:<\/strong><\/span><br \/>\n<span style=\"text-decoration: underline;\">v Janov\u011b den z\u00e1vodu 7.05.2022 <span style=\"color: #ff0000; text-decoration: underline;\">od 8.00 hod do 9.30 hod dosp\u011bl\u00ed, d\u011bti do 11.30 hod<br \/>\n<\/span><\/span>Po prezentaci si z\u00e1vodn\u00edci namontuj\u00ed startovn\u00ed \u010d\u00edslo a s \u010dasov\u00fdm p\u0159edstihem odjedou na start do H\u0159enska.<\/p>\n<p class=\"propozice\"><span style=\"color: #ff0000;\"><strong>Pr\u016fb\u011bh z\u00e1vodu:<\/strong><\/span><br \/>\nPo\u0159ad\u00ed na startu bude stanoveno dle po\u0159ad\u00ed p\u0159ihl\u00e1\u0161en\u00ed k z\u00e1vodu, z\u00e1vodn\u00edci hlavn\u00edho z\u00e1vodu se vyd\u00e1vaj\u00ed na tra\u0165 po jednotlivc\u00edch ve stanoven\u00e9m \u010dasov\u00e9m odstupu. Start je ve H\u0159ensku na most\u011b za odbo\u010dkou na Janov. Trasa pokra\u010duje po asfaltov\u00e9 silnici do Janova. C\u00edl je na vrcholu stoup\u00e1n\u00ed. Z\u00e1vod\u00ed se dle rozpisu tohoto z\u00e1vodu. Z\u00e1vodn\u00edci jsou povinni db\u00e1t pokyn\u016f po\u0159adatel\u016f, v\u0161ichni z\u00e1vodn\u00edci startuj\u00ed na vlastn\u00ed nebezpe\u010d\u00ed. P\u0159i z\u00e1vod\u011b je povinn\u00e1 cyklistick\u00e1 p\u0159ilba pevn\u011b upnut\u00e1 na hlav\u011b z\u00e1vodn\u00edka. Z\u00e1vod se jede za ka\u017ed\u00e9ho po\u010das\u00ed. Po\u0159adatel neru\u010d\u00ed za \u0161kody z\u00e1vodn\u00edk\u016fm vznikl\u00e9 ani jimi zp\u016fsoben\u00e9. Vyhl\u00e1\u0161en\u00ed v\u00fdsledk\u016f kategori\u00ed hlavn\u00edho z\u00e1vodu cca 14.00 hod.<\/p>\n<p class=\"propozice\"><span style=\"color: #ff0000;\"><strong>D\u016fle\u017eit\u00e9 informace z\u00e1vodu:<\/strong><\/span><br \/>\nJe\u010fte po celou trasu p\u0159i prav\u00e9m okraji vozovky zejm\u00e9na kr\u00e1tce po startu. Dodr\u017eujte pravidla silni\u010dn\u00edho provozu. L\u00e9ka\u0159sk\u00e1 slu\u017eba \u2013 Z\u00e1chran\u00e1\u0159i \u010cesk\u00e1 Kamenice bude m\u00edt po celou dobu z\u00e1vodu k dispozici pohotovostn\u00ed vozidla. Po trati budou po\u0159adatel\u00e9, kte\u0159\u00ed budou m\u00edt p\u0159\u00edm\u00e9 spojen\u00ed na l\u00e9ka\u0159e nebo pohotovostn\u00ed vozidla. Po\u0159adatel si vyhrazuje pr\u00e1vo zm\u011bny trati nebo jin\u00e9 zm\u011bny v p\u0159\u00edpad\u011b, \u017ee by p\u0159ed startem do\u0161lo k zm\u011bn\u011b dopravn\u00ed situace.<\/p>\n<p>&nbsp;<\/p>\n","protected":false},"excerpt":{"rendered":"<p>JANOVSK\u00dd TRH\u00c1K 2022 Cyklistick\u00fd z\u00e1vod pro \u0161irokou sportuj\u00edc\u00ed ve\u0159ejnost, amat\u00e9ry a hobby z\u00e1vodn\u00edky. Silni\u010dn\u00ed \u010dasovka jednotlivc\u016f do vrchu v srdci \u010cesk\u00e9ho \u0160v\u00fdcarska, z H\u0159enska do Janova. D\u00e9lka: 2830 m P\u0159ev\u00fd\u0161en\u00ed: 207 m Datum a \u010das kon\u00e1n\u00ed: 7.5.2022 Region: \u00dasteck\u00fd kraj M\u00edsto kon\u00e1n\u00ed: Janov u H\u0159enska Discipl\u00edna: Silni\u010dn\u00ed \u010dasovka jednotlivc\u016f do vrchu Po\u0159adatel: Obec Janov, Janov&hellip; <br \/> <a class=\"read-more\" href=\"https:\/\/www.janovsky-trhak.cz\/?page_id=14\">V\u00edce<\/a><\/p>\n","protected":false},"author":2,"featured_media":0,"parent":0,"menu_order":0,"comment_status":"closed","ping_status":"closed","template":"","meta":[],"_links":{"self":[{"href":"https:\/\/www.janovsky-trhak.cz\/index.php?rest_route=\/wp\/v2\/pages\/14"}],"collection":[{"href":"https:\/\/www.janovsky-trhak.cz\/index.php?rest_route=\/wp\/v2\/pages"}],"about":[{"href":"https:\/\/www.janovsky-trhak.cz\/index.php?rest_route=\/wp\/v2\/types\/page"}],"author":[{"embeddable":true,"href":"https:\/\/www.janovsky-trhak.cz\/index.php?rest_route=\/wp\/v2\/users\/2"}],"replies":[{"embeddable":true,"href":"https:\/\/www.janovsky-trhak.cz\/index.php?rest_route=%2Fwp%2Fv2%2Fcomments&post=14"}],"version-history":[{"count":195,"href":"https:\/\/www.janovsky-trhak.cz\/index.php?rest_route=\/wp\/v2\/pages\/14\/revisions"}],"predecessor-version":[{"id":1384,"href":"https:\/\/www.janovsky-trhak.cz\/index.php?rest_route=\/wp\/v2\/pages\/14\/revisions\/1384"}],"wp:attachment":[{"href":"https:\/\/www.janovsky-trhak.cz\/index.php?rest_route=%2Fwp%2Fv2%2Fmedia&parent=14"}],"curies":[{"name":"wp","href":"https:\/\/api.w.org\/{rel}","templated":true}]}}