{"id":606,"date":"2016-02-29T17:54:59","date_gmt":"2016-02-29T16:54:59","guid":{"rendered":"http:\/\/www.janovsky-trhak.cz\/?page_id=606"},"modified":"2016-02-29T18:28:17","modified_gmt":"2016-02-29T17:28:17","slug":"trasy-kategorii","status":"publish","type":"page","link":"https:\/\/www.janovsky-trhak.cz\/?page_id=606","title":{"rendered":"Trasy dle kategori\u00ed"},"content":{"rendered":"<p><small>(Pro zv\u011bt\u0161en\u00ed klikn\u011bte na obr\u00e1zek)<\/small><br \/>\n<strong>Celkov\u00e1 trasa:<\/strong><br \/>\n<a href=\"http:\/\/www.janovsky-trhak.cz\/wp-content\/uploads\/2016\/02\/trasa1.png\" rel=\"attachment wp-att-619\" target=\"_blank\"><img decoding=\"async\" loading=\"lazy\" src=\"http:\/\/www.janovsky-trhak.cz\/wp-content\/uploads\/2016\/02\/trasa1.png\" alt=\"trasa1\" width=\"1662\" height=\"913\" class=\"alignnone size-full wp-image-619\" srcset=\"https:\/\/www.janovsky-trhak.cz\/wp-content\/uploads\/2016\/02\/trasa1.png 1662w, https:\/\/www.janovsky-trhak.cz\/wp-content\/uploads\/2016\/02\/trasa1-300x165.png 300w, https:\/\/www.janovsky-trhak.cz\/wp-content\/uploads\/2016\/02\/trasa1-768x422.png 768w, https:\/\/www.janovsky-trhak.cz\/wp-content\/uploads\/2016\/02\/trasa1-1024x563.png 1024w, https:\/\/www.janovsky-trhak.cz\/wp-content\/uploads\/2016\/02\/trasa1-624x343.png 624w\" sizes=\"(max-width: 1662px) 100vw, 1662px\" \/><\/a><\/p>\n<p><strong>Mlad\u0161\u00ed chlapci a d\u00edvky:<\/strong><br \/>\n<a href=\"http:\/\/www.janovsky-trhak.cz\/wp-content\/uploads\/2016\/02\/trasa-mladsiDCH.png\" rel=\"attachment wp-att-615\" target=\"_blank\"><img decoding=\"async\" loading=\"lazy\" src=\"http:\/\/www.janovsky-trhak.cz\/wp-content\/uploads\/2016\/02\/trasa-mladsiDCH.png\" alt=\"trasa mladsiD+CH\" width=\"1680\" height=\"918\" class=\"alignnone size-full wp-image-615\" srcset=\"https:\/\/www.janovsky-trhak.cz\/wp-content\/uploads\/2016\/02\/trasa-mladsiDCH.png 1680w, https:\/\/www.janovsky-trhak.cz\/wp-content\/uploads\/2016\/02\/trasa-mladsiDCH-300x164.png 300w, https:\/\/www.janovsky-trhak.cz\/wp-content\/uploads\/2016\/02\/trasa-mladsiDCH-768x420.png 768w, https:\/\/www.janovsky-trhak.cz\/wp-content\/uploads\/2016\/02\/trasa-mladsiDCH-1024x560.png 1024w, https:\/\/www.janovsky-trhak.cz\/wp-content\/uploads\/2016\/02\/trasa-mladsiDCH-624x341.png 624w\" sizes=\"(max-width: 1680px) 100vw, 1680px\" \/><\/a><\/p>\n<p><strong>Nad\u011bje I:<\/strong><br \/>\n<a href=\"http:\/\/www.janovsky-trhak.cz\/wp-content\/uploads\/2016\/02\/trasa-nadeje1.png\" rel=\"attachment wp-att-617\" target=\"_blank\"><img decoding=\"async\" loading=\"lazy\" src=\"http:\/\/www.janovsky-trhak.cz\/wp-content\/uploads\/2016\/02\/trasa-nadeje1.png\" alt=\"trasa nadeje1\" width=\"1664\" height=\"923\" class=\"alignnone size-full wp-image-617\" srcset=\"https:\/\/www.janovsky-trhak.cz\/wp-content\/uploads\/2016\/02\/trasa-nadeje1.png 1664w, https:\/\/www.janovsky-trhak.cz\/wp-content\/uploads\/2016\/02\/trasa-nadeje1-300x166.png 300w, https:\/\/www.janovsky-trhak.cz\/wp-content\/uploads\/2016\/02\/trasa-nadeje1-768x426.png 768w, https:\/\/www.janovsky-trhak.cz\/wp-content\/uploads\/2016\/02\/trasa-nadeje1-1024x568.png 1024w, https:\/\/www.janovsky-trhak.cz\/wp-content\/uploads\/2016\/02\/trasa-nadeje1-624x346.png 624w\" sizes=\"(max-width: 1664px) 100vw, 1664px\" \/><\/a><\/p>\n<p><strong>Nad\u011bje II:<\/strong><br \/>\n<a href=\"http:\/\/www.janovsky-trhak.cz\/wp-content\/uploads\/2016\/02\/trasa-nadeje2.png\" rel=\"attachment wp-att-618\" target=\"_blank\"><img decoding=\"async\" loading=\"lazy\" src=\"http:\/\/www.janovsky-trhak.cz\/wp-content\/uploads\/2016\/02\/trasa-nadeje2.png\" alt=\"trasa nadeje2\" width=\"1662\" height=\"914\" class=\"alignnone size-full wp-image-618\" srcset=\"https:\/\/www.janovsky-trhak.cz\/wp-content\/uploads\/2016\/02\/trasa-nadeje2.png 1662w, https:\/\/www.janovsky-trhak.cz\/wp-content\/uploads\/2016\/02\/trasa-nadeje2-300x165.png 300w, https:\/\/www.janovsky-trhak.cz\/wp-content\/uploads\/2016\/02\/trasa-nadeje2-768x422.png 768w, https:\/\/www.janovsky-trhak.cz\/wp-content\/uploads\/2016\/02\/trasa-nadeje2-1024x563.png 1024w, https:\/\/www.janovsky-trhak.cz\/wp-content\/uploads\/2016\/02\/trasa-nadeje2-624x343.png 624w\" sizes=\"(max-width: 1662px) 100vw, 1662px\" \/><\/a><\/p>\n<p><strong>Mr\u0148ousci:<\/strong><br \/>\n<a href=\"http:\/\/www.janovsky-trhak.cz\/wp-content\/uploads\/2016\/02\/trasa-mrnata.png\" rel=\"attachment wp-att-616\" target=\"_blank\"><img decoding=\"async\" loading=\"lazy\" src=\"http:\/\/www.janovsky-trhak.cz\/wp-content\/uploads\/2016\/02\/trasa-mrnata.png\" alt=\"trasa mrnata\" width=\"1658\" height=\"921\" class=\"alignnone size-full wp-image-616\" srcset=\"https:\/\/www.janovsky-trhak.cz\/wp-content\/uploads\/2016\/02\/trasa-mrnata.png 1658w, https:\/\/www.janovsky-trhak.cz\/wp-content\/uploads\/2016\/02\/trasa-mrnata-300x167.png 300w, https:\/\/www.janovsky-trhak.cz\/wp-content\/uploads\/2016\/02\/trasa-mrnata-768x427.png 768w, https:\/\/www.janovsky-trhak.cz\/wp-content\/uploads\/2016\/02\/trasa-mrnata-1024x569.png 1024w, https:\/\/www.janovsky-trhak.cz\/wp-content\/uploads\/2016\/02\/trasa-mrnata-624x347.png 624w\" sizes=\"(max-width: 1658px) 100vw, 1658px\" \/><\/a><\/p>\n","protected":false},"excerpt":{"rendered":"<p>(Pro zv\u011bt\u0161en\u00ed klikn\u011bte na obr\u00e1zek) Celkov\u00e1 trasa: Mlad\u0161\u00ed chlapci a d\u00edvky: Nad\u011bje I: Nad\u011bje II: Mr\u0148ousci:<\/p>\n","protected":false},"author":2,"featured_media":0,"parent":0,"menu_order":0,"comment_status":"closed","ping_status":"closed","template":"","meta":[],"_links":{"self":[{"href":"https:\/\/www.janovsky-trhak.cz\/index.php?rest_route=\/wp\/v2\/pages\/606"}],"collection":[{"href":"https:\/\/www.janovsky-trhak.cz\/index.php?rest_route=\/wp\/v2\/pages"}],"about":[{"href":"https:\/\/www.janovsky-trhak.cz\/index.php?rest_route=\/wp\/v2\/types\/page"}],"author":[{"embeddable":true,"href":"https:\/\/www.janovsky-trhak.cz\/index.php?rest_route=\/wp\/v2\/users\/2"}],"replies":[{"embeddable":true,"href":"https:\/\/www.janovsky-trhak.cz\/index.php?rest_route=%2Fwp%2Fv2%2Fcomments&post=606"}],"version-history":[{"count":14,"href":"https:\/\/www.janovsky-trhak.cz\/index.php?rest_route=\/wp\/v2\/pages\/606\/revisions"}],"predecessor-version":[{"id":631,"href":"https:\/\/www.janovsky-trhak.cz\/index.php?rest_route=\/wp\/v2\/pages\/606\/revisions\/631"}],"wp:attachment":[{"href":"https:\/\/www.janovsky-trhak.cz\/index.php?rest_route=%2Fwp%2Fv2%2Fmedia&parent=606"}],"curies":[{"name":"wp","href":"https:\/\/api.w.org\/{rel}","templated":true}]}}